 divided by 17.
14
Suppose 2*g + 144 = 5*b, -b + 2*b - 5*g = 38. Suppose -10 + 50 = 4*v. What is the remainder when b is divided by v?
8
Let j(g) = -g + 49. What is the remainder when 48 is divided by j(23)?
22
Suppose -w = 2*w - 9. Suppose -w*j + 111 = 3*i, -5*j - 2*i + 93 + 80 = 0. Calculate the remainder when j is divided by 1 + 1/(-1) + 18.
15
Let k = 7 - 2. Suppose -7 = -4*m + k. Calculate the remainder when 5 is divided by m.
2
Let g(x) = x**2 + 7*x + 10. Calculate the remainder when 19 is divided by g(-7).
9
Let m(t) = -3*t - 15. Let d be m(-13). Suppose 3*o + d = 2*j + 5*o, -2*o + 42 = 4*j. Calculate the remainder when (-12)/j*-16*3 is divided by 22.
20
Suppose 9*u = 2*u + 84. Calculate the remainder when u is divided by 5.
2
Let m be (-1 - 0)*(13 - -5). What is the remainder when 17 + m + 15*2 is divided by 8?
5
Suppose -408 = -3*p - 2*l, 4*p + l - 168 = 371. Let r = -68 + p. What is the remainder when r is divided by 17?
15
Suppose 5*z + 45 = 10*z. What is the remainder when 22 is divided by z?
4
Let k(d) = -4*d - 3 + 3 + 2. Calculate the remainder when k(-6) is divided by 28/3 - (-2)/(-6).
8
Suppose 3*m = -f + 88, 4*f + m - 121 = 231. Suppose 3*a - f = -a. Calculate the remainder when a is divided by 6.
4
Suppose -5*p + 8*p - 345 = 0. Calculate the remainder when p is divided by 29.
28
Let t(u) = -2*u - 5. Let r be t(4). Let q(j) = 3*j**2 - 5*j - 1. Let g be q(4). Let k = g + r. Calculate the remainder when 41 is divided by k.
13
Suppose 107 - 86 = 7*t. Calculate the remainder when 4 is divided by t.
1
Let i(t) = -6*t - 6. Let x be i(-7). Suppose y + 2 = 0, 4*c - 6*y - x = -2*y. What is the remainder when c is divided by 3?
1
Suppose 4*v - 3*m = -17 + 64, 0 = -3*m - 3. Let b(a) = -a**3 + 2*a**2 + 5*a - 3. Let x be b(3). Calculate the remainder when 33 + 2 + x*-1 is divided by v.
10
Let s = 171 + -12. What is the remainder when s is divided by 40?
39
Let u(i) be the third derivative of -i**4/8 - 7*i**3/3 + 3*i**2. Suppose -9 = 3*a - 48. What is the remainder when a is divided by u(-6)?
1
Suppose 5*x - u - 37 = 0, 29 + 2 = 3*x - 5*u. Calculate the remainder when 17 is divided by x.
3
Let z(c) be the second derivative of c**3/6 + c**2 - c. Let a be z(-1). What is the remainder when 22 is divided by 2*33/6 + a?
10
Let z(l) = -7*l**3 - l. Suppose 0 = -j + 5*q + 8, -7*j + 13 = -2*j + 2*q. What is the remainder when 24 + 1/(-1)*j is divided by z(-1)?
5
Let f(n) = n**3 + 6*n**2 + 4*n - 3. Let c be f(-5). Suppose 0*o - c*o = -42. Calculate the remainder when 41*2*(-1)/(-2) is divided by o.
20
Let v be (-2)/3*-6 - 3. Let l be (-3 - v - -3)*20. What is the remainder when 23 is divided by 2/8 - 255/l?
10
Let q(y) = -2*y + 1. Let l = 8 + -10. What is the remainder when 7 is divided by q(l)?
2
What is the remainder when (4 + (-36)/8)*-2 - -53 is divided by 14?
12
Suppose 0*q + 2*q - 28 = 0. Let a(f) = f**3 + 4*f**2 - 2*f - 9. Calculate the remainder when q is divided by a(-3).
2
Let r be (9/(-6))/((-6)/(-8)). Let f be -3*r/12*22. Let w = f - 7. Calculate the remainder when 7 is divided by w.
3
Let w = 1 - -14. What is the remainder when 56 is divided by w?
11
Suppose 3*w + 8 = 5*w. Let f(n) be the first derivative of n**4/4 - 3*n**3 + 5*n**2 - 10*n + 2. Calculate the remainder when f(8) is divided by w.
2
Suppose v = -0*v + 20. What is the remainder when v is divided by 6?
2
Let n(b) = 2*b + 5. Suppose -125 = -u - 2*u - 4*r, 5*r = 4*u - 177. Calculate the remainder when u is divided by n(5).
13
Let r(z) be the first derivative of 5*z**2/2 - 5*z + 2. Let j(n) = n - 2. Let u be j(7). Calculate the remainder when 38 is divided by r(u).
18
Suppose w = -3*w - 108. Let r = 61 + w. What is the remainder when r is divided by 9?
7
Suppose 0 = s - 5 - 3. Suppose 82 = 2*n + s. What is the remainder when n is divided by 19?
18
Suppose -2*t + 6 = 2*i + i, -4*t - i + 12 = 0. What is the remainder when 8 is divided by t?
2
Calculate the remainder when -2 - (0 + -3) - -22 is divided by 6.
5
Let f(m) = -4*m**3 - m**2 + m - 2. Suppose a + 3 = 1. What is the remainder when f(a) is divided by 5?
4
Suppose 0*s + 10 = 2*s. Suppose 6*c + 5*b - 70 = c, 5*c = 5*b + 20. What is the remainder when -6 - -5 - c*-1 is divided by s?
3
Suppose -4*m + 3*x + 127 = 0, 4*m + x + x - 122 = 0. Calculate the remainder when 121 is divided by m.
28
Suppose x - 2*x + 1 = 0. Calculate the remainder when 2 is divided by x.
0
Suppose -q = 5*o - 3, 0 = -3*q + o + 6 + 3. Suppose g + q*g - 180 = 0. Let i = 26 - 10. What is the remainder when g is divided by i?
13
Let w(t) = -t + 9. Let n be w(4). Suppose -n*q + 1 = -29. What is the remainder when q is divided by 4?
2
Let o be 8/(-20) + 204/(-15). Let v = -9 - o. What is the remainder when 8 is divided by v?
3
Let h(i) be the second derivative of 5*i**3/6 + i. Suppose 0 = 3*u - 2*u + 3, b = -5*u - 13. What is the remainder when h(b) is divided by 4?
2
Let d be ((-5)/1)/(-5 + 4). Suppose -4*r + d*r - 11 = 0. What is the remainder when r is divided by 7?
4
Calculate the remainder when 22 - 20 - (1 + -47) is divided by 21.
6
Suppose 8 = m - 62. Calculate the remainder when m is divided by 18.
16
What is the remainder when 20*6*(-12)/(-16) is divided by 31?
28
Let b = -4 + 7. Suppose -g + b*w - 9 = -27, -2*g - 19 = 5*w. What is the remainder when g - 1 - 2 - -10 is divided by 6?
4
Suppose 2*a + 19 = 5*h - 14, 3*h + a - 22 = 0. Calculate the remainder when 26 is divided by h.
5
What is the remainder when 29 is divided by ((-335)/(-20) - 6) + (-2)/(-8)?
7
Let j = 6 - 12. Let m = -3 - j. Suppose m*s = -s + 164. What is the remainder when s is divided by 14?
13
Suppose -t - 3*t + 16 = 0. Suppose 14 = q + t. Calculate the remainder when (-3)/12 + 113/4 is divided by q.
8
Let f(y) = 5*y**3 + 0*y**3 - 9*y**2 + 10 - 10*y - 2*y**3 - 2*y**3. What is the remainder when f(10) is divided by 7?
3
Let f = 79 - 39. Let d(q) = 12*q + 2. Calculate the remainder when f is divided by d(1).
12
Let x(o) = -2*o - 1. Suppose 5*j - 28 = -2*d, 3*d - 37 = -6*j + j. Calculate the remainder when d is divided by x(-3).
4
Calculate the remainder when 31 is divided by 3 - (-1 - (-1 - -5)).
7
Suppose -2*h = -55 - 1. What is the remainder when 109 is divided by h?
25
Suppose 5*c = 3*w - 68, w + 3*w + 4*c - 48 = 0. Calculate the remainder when w is divided by 5.
1
Suppose -723 = -13*d + 564. What is the remainder when d is divided by 21?
15
Suppose 0 = -5*z + 3*w - 5, -w + 6*w = 0. Let j be ((-4)/6)/((-4)/12). What is the remainder when 12 is divided by (8 - 1)/(j + z)?
5
Let i(a) = a - 2. Let h be i(-1). Suppose -2*u + 30 = u. Calculate the remainder when 10 is divided by h/(u/8 + -2).
2
Let m be (-1*(-2 + 2))/(-2). Suppose -3*z + 2*u + 32 = m, -5*z + 5*u + 17 = -28. What is the remainder when z is divided by 42/8 - 1/4?
4
Let v(t) = -36*t. Let b be v(-4). Suppose -36 = 4*h - b. Calculate the remainder when h is divided by 14.
13
Suppose 0 - 51 = -z. What is the remainder when z is divided by 18?
15
Let v(r) = r**2 - 6*r + 14. Let b be v(10). Let q = b - 30. Calculate the remainder when q is divided by 13.
11
What is the remainder when 3/(-2) + 106/4 is divided by 13?
12
Let d = 81 - 52. What is the remainder when d is divided by 8?
5
Let t = -95 + 206. Calculate the remainder when 1*(t - -1)/2 is divided by 16/40 - -1*(-279)/(-15).
18
What is the remainder when (-588)/9*(-24)/16 is divided by 20?
18
Let p = 2 + -1. Suppose -2*j - 5 = p. Let t = j + 6. Calculate the remainder when 8 is divided by t.
2
Let r = -28 + 86. What is the remainder when r is divided by 12?
10
Let r be (-6)/(-3) - 2 - 3. Let z(k) = -k**3 - k**2 + 2*k - 1. What is the remainder when 20 is divided by z(r)?
9
Let c(a) be the third derivative of a**5/60 - a**4/8 - 7*a**3/6 - a**2. Let l be c(8). Calculate the remainder when 11 is divided by 2/5 - l/(-5).
4
Let b = 12 - 27. Let o = 32 + b. What is the remainder when o is divided by 6?
5
Let k(s) = s**3 + 8*s**2 - 9*s + 2. Let i(z) = z**3 + 7*z**2 - 8*z + 2. Let v(w) = -6*i(w) + 5*k(w). Calculate the remainder when 51 is divided by v(-4).
15
Suppose 3*o + 0*o = 15. Suppose v + 2*v - 29 = -2*c, 0 = o*c - 5. Suppose 2*x - 14 = 2*u, 5*x = -4*u - u + 15. Calculate the remainder when v is divided by x.
4
Suppose -5*z + 4*t = -65, 4*z - 31 = 3*t + 22. Calculate th